remainder when 64857 is divided by 165?
12
What is the remainder when 3070 is divided by 264?
166
Calculate the remainder when 162136 is divided by 366.
364
What is the remainder when 3311 is divided by 528?
143
What is the remainder when 1737 is divided by 193?
0
Calculate the remainder when 140263 is divided by 338.
331
What is the remainder when 130043 is divided by 175?
18
What is the remainder when 102217 is divided by 63?
31
What is the remainder when 3274 is divided by 685?
534
Calculate the remainder when 69571 is divided by 1391.
21
Calculate the remainder when 1181 is divided by 1162.
19
What is the remainder when 59198 is divided by 121?
29
Calculate the remainder when 18556 is divided by 230.
156
What is the remainder when 797 is divided by 368?
61
What is the remainder when 2103 is divided by 233?
6
What is the remainder when 57426 is divided by 56?
26
What is the remainder when 271504 is divided by 451?
2
What is the remainder when 12833 is divided by 357?
338
What is the remainder when 11682 is divided by 94?
26
What is the remainder when 17344 is divided by 2465?
89
Calculate the remainder when 423875 is divided by 13.
10
Calculate the remainder when 675038 is divided by 12.
2
Calculate the remainder when 8279 is divided by 218.
213
Calculate the remainder when 1309 is divided by 100.
9
Calculate the remainder when 296181 is divided by 344.
341
Calculate the remainder when 33363 is divided by 6671.
8
Calculate the remainder when 242607 is divided by 60649.
11
Calculate the remainder when 8394 is divided by 221.
217
Calculate the remainder when 5374 is divided by 1063.
59
Calculate the remainder when 3729632 is divided by 1899.
1895
Calculate the remainder when 10254 is divided by 4964.
326
Calculate the remainder when 16745 is divided by 66.
47
What is the remainder when 13116 is divided by 397?
15
Calculate the remainder when 1400 is divided by 724.
676
What is the remainder when 63952 is divided by 236?
232
Calculate the remainder when 68 is divided by 31.
6
Calculate the remainder when 2945759 is divided by 136.
135
Calculate the remainder when 73640 is divided by 102.
98
Calculate the remainder when 89279 is divided by 72.
71
What is the remainder when 2954 is divided by 47?
40
Calculate the remainder when 73450 is divided by 18359.
14
Calculate the remainder when 440671 is divided by 997.
994
Calculate the remainder when 40449 is divided by 13363.
360
What is the remainder when 8327 is divided by 4088?
151
Calculate the remainder when 23317 is divided by 7755.
52
Calculate the remainder when 1338 is divided by 186.
36
What is the remainder when 1299 is divided by 435?
429
What is the remainder when 13268 is divided by 3290?
108
What is the remainder when 10227 is divided by 1?
0
What is the remainder when 10662 is divided by 27?
24
What is the remainder when 227060 is divided by 3?
2
What is the remainder when 1342 is divided by 41?
30
Calculate the remainder when 374 is divided by 49.
31
What is the remainder when 21600 is divided by 57?
54
What is the remainder when 53527 is divided by 6?
1
What is the remainder when 20371 is divided by 194?
1
Calculate the remainder when 3387 is divided by 593.
422
What is the remainder when 45539 is divided by 506?
505
What is the remainder when 35505 is divided by 7?
1
What is the remainder when 13411 is divided by 133?
111
Calculate the remainder when 35264 is divided by 11752.
8
Calculate the remainder when 4358 is divided by 28.
18
Calculate the remainder when 585126 is divided by 146281.
2
Calculate the remainder when 17480 is divided by 1745.
30
What is the remainder when 4631 is divided by 651?
74
Calculate the remainder when 167508 is divided by 37.
9
Calculate the remainder when 268404 is divided by 19171.
10
Calculate the remainder when 3012 is divided by 141.
51
Calculate the remainder when 1248749 is divided by 138749.
8
Calculate the remainder when 19586 is divided by 612.
2
What is the remainder when 19062 is divided by 9503?
56
What is the remainder when 110413 is divided by 291?
124
What is the remainder when 4856 is divided by 59?
18
Calculate the remainder when 541118 is divided by 1125.
1118
Calculate the remainder when 3206382 is divided by 377.
374
What is the remainder when 124717 is divided by 369?
364
What is the remainder when 3493 is divided by 60?
13
What is the remainder when 753625 is divided by 218?
217
Calculate the remainder when 7878338 is divided by 970.
968
Calculate the remainder when 2887 is divided by 951.
34
Calculate the remainder when 215721 is divided by 30817.
2
What is the remainder when 769025 is divided by 24?
17
Calculate the remainder when 332274 is divided by 337.
329
What is the remainder when 3912683 is divided by 52?
47
Calculate the remainder when 6566 is divided by 3013.
540
Calculate the remainder when 83503 is divided by 68.
67
Calculate the remainder when 1024 is divided by 188.
84
What is the remainder when 84913 is divided by 92?
89
What is the remainder when 87421 is divided by 87?
73
Calculate the remainder when 45650 is divided by 643.
640
What is the remainder when 621613 is divided by 626?
621
Calculate the remainder when 554502 is divided by 24.
6
Calculate the remainder when 3465859 is divided by 20.
19
What is the remainder when 2509 is divided by 817?
58
What is the remainder when 1218 is divided by 115?
68
What is the remainder when 13661 is divided by 97?
81
Calculate the remainder when 21823 is divided by 118.
111
Calculate the remainder when 153491 is divided by 25580.
11
Calculate the remainder when 30194 is divided by 33.
32
What is the remainder when 21960 is divided by 954?
18
What is the remainder when 18516 is divided by 475?
466
What is the remainder when 2635 is divided by 1307?
21
What is the remainder when 46025 is divided by 1021?
80
What is the remainder when 805 is divided by 4?
1
What is the remainder when 7631 is divided by 30?
11
Calculate the remainder when 534869 is divided by 70.
69
What is the remainder when 637469 is divided by 40?
29
Calculate the remainder when 1448 is divided by 97.
90
Calculate the remainder when 442494 is divided by 23.
20
What is the remainder when 6055 is divided by 322?
259
What is the remainder when 752926 is divided by 23?
21
Calculate the remainder when 832 is divided by 15.
7
Calculate the remainder when 184732 is divided by 15.
7
Calculate the remainder when 5426 is divided by 722.
372
What is the remainder when 24649 is divided by 184?
177
What is the remainder when 22402 is divided by 1589?
156
What is the remainder when 88196 is divided by 84?
80
Calculate the remainder when 24349 is divided by 55.
39
What is the remainder when 1284 is divided by 280?
164
Calculate the remainder when 998737 is divided by 131.
124
Calculate the remainder when 5005053 is divided by 48.
45
Calculate the remainder when 7088 is divided by 3532.
24
Calculate the remainder when 109021 is divided by 77.
66
What is the remainder when 10702 is divided by 359?
291
Calculate the remainder when 9372 is divided by 32.
28
Calculate the remainder when 22369 is divided by 1142.
671
Calculate the remainder when 5039 is divided by 188.
151
What is the remainder when 108929 is divided by 2793?
2
What is the remainder when 5683 is divided by 173?
147
What is the remainder when 568 is divided by 89?
34
What is the remainder when 4421 is divided by 152?
13
What is the remainder when 47959 is divided by 28?
23
Calculate the remainder when 216320 is divided by 72103.
11
What is the remainder when 1571 is divided by 751?
69
What is the remainder when 1026 is divided by 406?
214
What is the remainder when 2862 is divided by 250?
112
What is the remainder when 16528 is divided by 1205?
863
What is the remainder when 1570 is divided by 745?
80
Calculate the remainder when 23096 is divided by 224.
24
Calculate the remainder when 276741 is divided by 8.
5
What is the remainder when 4402 is divided by 2198?
6
Calculate the remainder when 1600 is divided by 420.
340
What is the remainder when 67078 is divided by 444?
34
What is the remainder when 72684 is divided by 699?
687
What is the remainder when 31955 is divided by 477?
473
Calculate the remainder when 11398 is divided by 711.
22
What is the remainde